{"id":2789,"date":"2020-01-27T09:06:01","date_gmt":"2020-01-27T09:06:01","guid":{"rendered":"https:\/\/immomallorca.es\/aviso-legal\/"},"modified":"2026-02-12T18:55:51","modified_gmt":"2026-02-12T18:55:51","slug":"aviso-legal","status":"publish","type":"page","link":"https:\/\/www.immomallorca.es\/es\/aviso-legal\/","title":{"rendered":"Aviso Legal"},"content":{"rendered":"\t\t<div data-elementor-type=\"wp-page\" data-elementor-id=\"2789\" class=\"elementor elementor-2789 elementor-209\" data-elementor-post-type=\"page\">\n\t\t\t\t\t\t<section class=\"elementor-section elementor-top-section elementor-element elementor-element-0db2192 elementor-section-boxed elementor-section-height-default elementor-section-height-default\" data-id=\"0db2192\" data-element_type=\"section\" data-e-type=\"section\">\n\t\t\t\t\t\t<div class=\"elementor-container elementor-column-gap-default\">\n\t\t\t\t\t<div class=\"elementor-column elementor-col-100 elementor-top-column elementor-element elementor-element-ab2bc88\" data-id=\"ab2bc88\" data-element_type=\"column\" data-e-type=\"column\">\n\t\t\t<div class=\"elementor-widget-wrap elementor-element-populated\">\n\t\t\t\t\t\t<div class=\"elementor-element elementor-element-429d35c elementor-widget elementor-widget-text-editor\" data-id=\"429d35c\" data-element_type=\"widget\" data-e-type=\"widget\" data-widget_type=\"text-editor.default\">\n\t\t\t\t<div class=\"elementor-widget-container\">\n\t\t\t\t\t\t\t\t\t<section class=\"impressum\">\n<h2>Aviso legal \/ Informaci\u00f3n<\/h2>\n<p><strong>Propietario \/ Operador:<\/strong><\/p>\n<p>Helga Duschl<\/p>\n<p><strong>Sede \/ Direcci\u00f3n:<\/strong><\/p>\n<p>Llenaire 3<\/p>\n<p>07013 Son Vida<\/p>\n<p><strong>Contacto:<\/strong><\/p>\n<p>Tel\u00e9fono: +34 609 629 788<\/p>\n<p>Correo electr\u00f3nico: helga.duschl@gmx.de<\/p>\n<p><strong>NIF \/ NIE:<\/strong><\/p>\n<p>NIE X2241755-Z<\/p>\n<h2>Responsabilidad por los contenidos<\/h2>\n<p>Los contenidos de este sitio web han sido elaborados con esmero. No obstante, no se garantiza su exactitud, integridad y actualidad.<\/p>\n<p>Como operadores del sitio web, somos responsables de nuestros propios contenidos. No asumimos ninguna responsabilidad por los contenidos ajenos de las p\u00e1ginas enlazadas.<\/p>\n<p>Si se tiene conocimiento de alguna infracci\u00f3n, los contenidos correspondientes se eliminar\u00e1n de inmediato.<\/p>\n<h2>Derechos de autor<\/h2>\n<p>Todos los contenidos de este sitio web, incluidos los textos, las im\u00e1genes y los gr\u00e1ficos, est\u00e1n sujetos a derechos de autor. Cualquier uso fuera de los l\u00edmites de los derechos de autor requiere el consentimiento por escrito. Los contenidos de terceros est\u00e1n debidamente identificados.<\/p>\n<h2>Protecci\u00f3n de datos \/ Contacto<\/h2>\n<p>Por lo general, es posible utilizar este sitio web sin proporcionar datos personales. Los datos que se transmiten voluntariamente (por ejemplo, a trav\u00e9s del formulario de contacto) no se transmitir\u00e1n a terceros sin su consentimiento.<\/p>\n<p>Se rechaza expresamente el uso de los datos de contacto publicados en el aviso legal para el env\u00edo de publicidad no solicitada expresamente.<\/p>\n<\/section>\n\t\t\t\t\t\t\t\t<\/div>\n\t\t\t\t<\/div>\n\t\t\t\t\t<\/div>\n\t\t<\/div>\n\t\t\t\t\t<\/div>\n\t\t<\/section>\n\t\t\t\t<\/div>\n\t\t","protected":false},"excerpt":{"rendered":"<p>Aviso legal \/ Informaci\u00f3n Propietario \/ Operador: Helga Duschl Sede \/ Direcci\u00f3n: Llenaire 3 07013 Son Vida Contacto: Tel\u00e9fono: +34 609 629 788 Correo electr\u00f3nico: helga.duschl@gmx.de NIF \/ NIE: NIE X2241755-Z Responsabilidad por los contenidos Los contenidos de este sitio web han sido elaborados con esmero. No obstante, no se garantiza su exactitud, integridad y [&hellip;]<\/p>\n","protected":false},"author":2,"featured_media":0,"parent":0,"menu_order":6,"comment_status":"closed","ping_status":"closed","template":"elementor_header_footer","meta":{"_acf_changed":false,"footnotes":""},"immobilien_kategorie":[],"class_list":["post-2789","page","type-page","status-publish","hentry"],"acf":[],"_links":{"self":[{"href":"https:\/\/www.immomallorca.es\/es\/wp-json\/wp\/v2\/pages\/2789","targetHints":{"allow":["GET"]}}],"collection":[{"href":"https:\/\/www.immomallorca.es\/es\/wp-json\/wp\/v2\/pages"}],"about":[{"href":"https:\/\/www.immomallorca.es\/es\/wp-json\/wp\/v2\/types\/page"}],"author":[{"embeddable":true,"href":"https:\/\/www.immomallorca.es\/es\/wp-json\/wp\/v2\/users\/2"}],"replies":[{"embeddable":true,"href":"https:\/\/www.immomallorca.es\/es\/wp-json\/wp\/v2\/comments?post=2789"}],"version-history":[{"count":2,"href":"https:\/\/www.immomallorca.es\/es\/wp-json\/wp\/v2\/pages\/2789\/revisions"}],"predecessor-version":[{"id":35777,"href":"https:\/\/www.immomallorca.es\/es\/wp-json\/wp\/v2\/pages\/2789\/revisions\/35777"}],"wp:attachment":[{"href":"https:\/\/www.immomallorca.es\/es\/wp-json\/wp\/v2\/media?parent=2789"}],"wp:term":[{"taxonomy":"immobilien_kategorie","embeddable":true,"href":"https:\/\/www.immomallorca.es\/es\/wp-json\/wp\/v2\/immobilien_kategorie?post=2789"}],"curies":[{"name":"wp","href":"https:\/\/api.w.org\/{rel}","templated":true}]}}

<div data-elementor-type="wp-page" data-elementor-id="2789" class="elementor elementor-2789 elementor-209" data-elementor-post-type="page">
						<section class="elementor-section elementor-top-section elementor-element elementor-element-0db2192 elementor-section-boxed elementor-section-height-default elementor-section-height-default" data-id="0db2192" data-element_type="section" data-e-type="section">
						<div class="elementor-container elementor-column-gap-default">
					<div class="elementor-column elementor-col-100 elementor-top-column elementor-element elementor-element-ab2bc88" data-id="ab2bc88" data-element_type="column" data-e-type="column">
			<div class="elementor-widget-wrap elementor-element-populated">
						<div class="elementor-element elementor-element-429d35c elementor-widget elementor-widget-text-editor" data-id="429d35c" data-element_type="widget" data-e-type="widget" data-widget_type="text-editor.default">
				<div class="elementor-widget-container">
									<section class="impressum">
<h2>Aviso legal / Información</h2>
<p><strong>Propietario / Operador:</strong></p>
<p>Helga Duschl</p>
<p><strong>Sede / Dirección:</strong></p>
<p>Llenaire 3</p>
<p>07013 Son Vida</p>
<p><strong>Contacto:</strong></p>
<p>Teléfono: +34 609 629 788</p>
<p>Correo electrónico: helga.duschl@gmx.de</p>
<p><strong>NIF / NIE:</strong></p>
<p>NIE X2241755-Z</p>
<h2>Responsabilidad por los contenidos</h2>
<p>Los contenidos de este sitio web han sido elaborados con esmero. No obstante, no se garantiza su exactitud, integridad y actualidad.</p>
<p>Como operadores del sitio web, somos responsables de nuestros propios contenidos. No asumimos ninguna responsabilidad por los contenidos ajenos de las páginas enlazadas.</p>
<p>Si se tiene conocimiento de alguna infracción, los contenidos correspondientes se eliminarán de inmediato.</p>
<h2>Derechos de autor</h2>
<p>Todos los contenidos de este sitio web, incluidos los textos, las imágenes y los gráficos, están sujetos a derechos de autor. Cualquier uso fuera de los límites de los derechos de autor requiere el consentimiento por escrito. Los contenidos de terceros están debidamente identificados.</p>
<h2>Protección de datos / Contacto</h2>
<p>Por lo general, es posible utilizar este sitio web sin proporcionar datos personales. Los datos que se transmiten voluntariamente (por ejemplo, a través del formulario de contacto) no se transmitirán a terceros sin su consentimiento.</p>
<p>Se rechaza expresamente el uso de los datos de contacto publicados en el aviso legal para el envío de publicidad no solicitada expresamente.</p>
</section>
								</div>
				</div>
					</div>
		</div>
					</div>
		</section>
				</div>

<p>Aviso legal / Información Propietario / Operador: Helga Duschl Sede / Dirección: Llenaire 3 07013 Son Vida Contacto: Teléfono: +34 609 629 788 Correo electrónico: helga.duschl@gmx.de NIF / NIE: NIE X2241755-Z Responsabilidad por los contenidos Los contenidos de este sitio web han sido elaborados con esmero. No obstante, no se garantiza su exactitud, integridad y [&hellip;]</p>
