{"id":31171,"date":"2021-04-03T13:38:35","date_gmt":"2021-04-03T13:38:35","guid":{"rendered":"https:\/\/www.immomallorca.es\/immobilien\/port-de-soller-casa-senorial-en-primera-linea-con-acceso-a-la-playa\/"},"modified":"2025-03-19T11:24:32","modified_gmt":"2025-03-19T11:24:32","slug":"port-de-soller-casa-senorial-en-primera-linea-con-acceso-a-la-playa","status":"publish","type":"immobilien","link":"https:\/\/www.immomallorca.es\/es\/inmuebles\/port-de-soller-casa-senorial-en-primera-linea-con-acceso-a-la-playa\/","title":{"rendered":"Port de S\u00f3ller &#8211; Casa se\u00f1orial en primera l\u00ednea con acceso a la playa"},"content":{"rendered":"","protected":false},"author":2,"featured_media":0,"parent":0,"template":"","format":"standard","meta":{"_acf_changed":false},"immobilien_kategorie":[106,158,92],"angebotsart":[100],"class_list":["post-31171","immobilien","type-immobilien","status-publish","format-standard","hentry","immobilien_kategorie-casa","immobilien_kategorie-casa-solariega","immobilien_kategorie-villa-es","angebotsart-comprar"],"acf":[],"_links":{"self":[{"href":"https:\/\/www.immomallorca.es\/es\/wp-json\/wp\/v2\/immobilien\/31171","targetHints":{"allow":["GET"]}}],"collection":[{"href":"https:\/\/www.immomallorca.es\/es\/wp-json\/wp\/v2\/immobilien"}],"about":[{"href":"https:\/\/www.immomallorca.es\/es\/wp-json\/wp\/v2\/types\/immobilien"}],"author":[{"embeddable":true,"href":"https:\/\/www.immomallorca.es\/es\/wp-json\/wp\/v2\/users\/2"}],"version-history":[{"count":1,"href":"https:\/\/www.immomallorca.es\/es\/wp-json\/wp\/v2\/immobilien\/31171\/revisions"}],"predecessor-version":[{"id":31174,"href":"https:\/\/www.immomallorca.es\/es\/wp-json\/wp\/v2\/immobilien\/31171\/revisions\/31174"}],"wp:attachment":[{"href":"https:\/\/www.immomallorca.es\/es\/wp-json\/wp\/v2\/media?parent=31171"}],"wp:term":[{"taxonomy":"immobilien_kategorie","embeddable":true,"href":"https:\/\/www.immomallorca.es\/es\/wp-json\/wp\/v2\/immobilien_kategorie?post=31171"},{"taxonomy":"angebotsart","embeddable":true,"href":"https:\/\/www.immomallorca.es\/es\/wp-json\/wp\/v2\/angebotsart?post=31171"}],"curies":[{"name":"wp","href":"https:\/\/api.w.org\/{rel}","templated":true}]}}

Port de Sóller &#8211; Casa señorial en primera línea con acceso a la playa
