{"id":25205,"date":"2024-02-19T16:34:58","date_gmt":"2024-02-19T16:34:58","guid":{"rendered":"https:\/\/www.immomallorca.es\/immobilien\/cas-catala-illetas-atico-en-primera-linea\/"},"modified":"2025-08-20T19:48:58","modified_gmt":"2025-08-20T19:48:58","slug":"cas-catala-illetas-atico-en-primera-linea","status":"publish","type":"immobilien","link":"https:\/\/www.immomallorca.es\/es\/inmuebles\/cas-catala-illetas-atico-en-primera-linea\/","title":{"rendered":"Cas Catal\u00e0 &#8211; Illetas &#8211; \u00c1tico en primera l\u00ednea"},"content":{"rendered":"<p><br data-mce-bogus=\"1\"><\/p>\n","protected":false},"author":2,"featured_media":0,"parent":0,"template":"","format":"standard","meta":{"_acf_changed":false},"immobilien_kategorie":[94,112,90],"angebotsart":[100],"class_list":["post-25205","immobilien","type-immobilien","status-publish","format-standard","hentry","immobilien_kategorie-apartmento","immobilien_kategorie-atico","immobilien_kategorie-viviendas","angebotsart-comprar"],"acf":[],"_links":{"self":[{"href":"https:\/\/www.immomallorca.es\/es\/wp-json\/wp\/v2\/immobilien\/25205","targetHints":{"allow":["GET"]}}],"collection":[{"href":"https:\/\/www.immomallorca.es\/es\/wp-json\/wp\/v2\/immobilien"}],"about":[{"href":"https:\/\/www.immomallorca.es\/es\/wp-json\/wp\/v2\/types\/immobilien"}],"author":[{"embeddable":true,"href":"https:\/\/www.immomallorca.es\/es\/wp-json\/wp\/v2\/users\/2"}],"version-history":[{"count":3,"href":"https:\/\/www.immomallorca.es\/es\/wp-json\/wp\/v2\/immobilien\/25205\/revisions"}],"predecessor-version":[{"id":30836,"href":"https:\/\/www.immomallorca.es\/es\/wp-json\/wp\/v2\/immobilien\/25205\/revisions\/30836"}],"wp:attachment":[{"href":"https:\/\/www.immomallorca.es\/es\/wp-json\/wp\/v2\/media?parent=25205"}],"wp:term":[{"taxonomy":"immobilien_kategorie","embeddable":true,"href":"https:\/\/www.immomallorca.es\/es\/wp-json\/wp\/v2\/immobilien_kategorie?post=25205"},{"taxonomy":"angebotsart","embeddable":true,"href":"https:\/\/www.immomallorca.es\/es\/wp-json\/wp\/v2\/angebotsart?post=25205"}],"curies":[{"name":"wp","href":"https:\/\/api.w.org\/{rel}","templated":true}]}}

Cas Català &#8211; Illetas &#8211; Ático en primera línea
